{"id":14,"date":"2024-12-09T16:57:29","date_gmt":"2024-12-09T16:57:29","guid":{"rendered":"https:\/\/niepolomicka.org.pl\/?page_id=14"},"modified":"2025-03-02T07:54:36","modified_gmt":"2025-03-02T07:54:36","slug":"kontakt","status":"publish","type":"page","link":"https:\/\/niepolomicka.org.pl\/index.php\/kontakt\/","title":{"rendered":"Kontakt"},"content":{"rendered":"<p>&nbsp;<\/p>\n<p style=\"text-align: center;\"><strong>Adres siedziby:<\/strong><br \/>\nSzeroka 138D, 04-277 Warszawa, Polska<\/p>\n<p style=\"text-align: center;\"><strong>Kontakt:<\/strong><br \/>\nPiotr Walburg &#8211; Prezes Stowarszyszenia<br \/>\n+48 793 147 147<br \/>\nmail: piotr.walburg@niepolomicka.org.pl<\/p>\n<p style=\"text-align: center;\"><strong>Konto bankowe:<\/strong><\/p>\n<p style=\"text-align: center;\">mBank: 46 1140 2004 0000 3102 8508 6851<\/p>\n<p>&nbsp;<\/p>\n<p style=\"text-align: center;\"><strong>Jak przekaza\u0107 1,5% podatku<\/strong><\/p>\n<p style=\"text-align: center;\">Numer KRS: 0000270261<\/p>\n<p style=\"text-align: center;\">Cel szczeg\u00f3\u0142owy: <strong>STOWARZYSZENIE NIEPO\u0141OMICKA 27063<\/strong><\/p>\n","protected":false},"excerpt":{"rendered":"<p>&nbsp; Adres siedziby: Szeroka 138D, 04-277 Warszawa, Polska Kontakt: Piotr Walburg &#8211; Prezes Stowarszyszenia +48 793 147 147 mail: piotr.walburg@niepolomicka.org.pl Konto bankowe: mBank: 46 1140 2004 0000 3102 8508 6851 &nbsp; Jak przekaza\u0107 1,5% podatku Numer KRS: 0000270261 Cel szczeg\u00f3\u0142owy: STOWARZYSZENIE NIEPO\u0141OMICKA 27063<\/p>\n","protected":false},"author":1,"featured_media":6,"parent":0,"menu_order":0,"comment_status":"closed","ping_status":"closed","template":"page-templates\/template-pagebuilder-full-width.php","meta":{"footnotes":""},"class_list":["post-14","page","type-page","status-publish","has-post-thumbnail","hentry"],"_links":{"self":[{"href":"https:\/\/niepolomicka.org.pl\/index.php\/wp-json\/wp\/v2\/pages\/14","targetHints":{"allow":["GET"]}}],"collection":[{"href":"https:\/\/niepolomicka.org.pl\/index.php\/wp-json\/wp\/v2\/pages"}],"about":[{"href":"https:\/\/niepolomicka.org.pl\/index.php\/wp-json\/wp\/v2\/types\/page"}],"author":[{"embeddable":true,"href":"https:\/\/niepolomicka.org.pl\/index.php\/wp-json\/wp\/v2\/users\/1"}],"replies":[{"embeddable":true,"href":"https:\/\/niepolomicka.org.pl\/index.php\/wp-json\/wp\/v2\/comments?post=14"}],"version-history":[{"count":8,"href":"https:\/\/niepolomicka.org.pl\/index.php\/wp-json\/wp\/v2\/pages\/14\/revisions"}],"predecessor-version":[{"id":61,"href":"https:\/\/niepolomicka.org.pl\/index.php\/wp-json\/wp\/v2\/pages\/14\/revisions\/61"}],"wp:featuredmedia":[{"embeddable":true,"href":"https:\/\/niepolomicka.org.pl\/index.php\/wp-json\/wp\/v2\/media\/6"}],"wp:attachment":[{"href":"https:\/\/niepolomicka.org.pl\/index.php\/wp-json\/wp\/v2\/media?parent=14"}],"curies":[{"name":"wp","href":"https:\/\/api.w.org\/{rel}","templated":true}]}}